 Determine z(k).
-4
Let l(q) = q**3 - 7*q**2 + 7*q - 3. Let u be l(6). Let a = -3 + u. Let t(y) = a*y**2 - 2*y**2 + 2 + 7*y**2 + y**3 + 5*y. Calculate t(-3).
5
Let u(n) be the second derivative of -2*n**5/5 + n**2/2 + 15*n. Determine u(1).
-7
Let g(f) = f**2 + f - 3. Let u(m) = -5*m**2 - 6*m + 15. Let d(c) = -11*g(c) - 2*u(c). Let k be (-1 - 9)*(-24)/(-20). Let o be 1/(-3)*(k - 0). What is d(o)?
-9
Let o(l) be the second derivative of -l**4/12 - 2*l**3/3 - l**2 - 2*l. Determine o(-3).
1
Suppose -g = 2*g + 15. Let n(k) = -k**2 - 4*k + 9. Let b(o) = -3 + 3 + 1. Let c(h) = 3*b(h) - n(h). What is c(g)?
-1
Suppose -d = -4*b + 2*d + 3, -5*d = 2*b - 21. Let s(q) = q**3 - 3*q**2 - 2*q - 4. Give s(b).
-10
Suppose 3 = -y - 0*y. Let x(f) = 0 + 0 - f + 0. Let d(p) = p**2 + 2*p - 1. Let v(s) = d(s) - 2*x(s). Determine v(y).
-4
Let a(x) be the second derivative of -5*x**3/6 + x**2/2 - 22*x. What is a(-2)?
11
Let t(i) = -10*i**3 + 2*i**2 - 13*i + 10. Let b(q) = -3*q**3 + q**2 - 4*q + 3. Let d(p) = -7*b(p) + 2*t(p). Suppose 2*m + m - 6 = 0. Give d(m).
-1
Let u = -2 + 5. Let o(a) = a**3 - 3*a**2 - 2. Determine o(u).
-2
Let h be 2/(-4) + 10/4. Let d(i) = -i**2 - 6*i - 4. Let n be d(-4). Let y(r) = 2 + h + n*r**2 - 5*r**2 - 7 - 4*r. Calculate y(-5).
-8
Suppose -4 = j - 2. Let q(n) = -2*n**3 - 5*n + 1. Let a(i) = 3*i**3 + 9*i - 1. Let y(h) = -3*a(h) - 5*q(h). What is y(j)?
-6
Let t(f) = f + 8. Let i(c) = c**2 - c - 2. Let m be i(-2). Let o(a) = -a - 9. Let u(q) = m*t(q) + 3*o(q). Determine u(-4).
1
Let p(y) = y**3 - 5*y**2 + 3*y + 3. Suppose 0 = -0*b - 5*b + 15. Let g be (18/15)/(b/10). What is p(g)?
-1
Suppose -2*z = -5*n + 3*z, 0 = -5*n - z - 30. Let b(p) = 5*p - 4. Let c(r) = 6*r - 5. Let o(h) = n*b(h) + 4*c(h). Suppose -5*m + 14 = 4. Determine o(m).
-2
Suppose -13*b - 1 + 14 = 0. Let o(q) = 15*q**2 + 2*q - 1. Calculate o(b).
16
Let r(k) = -k**3 - 5*k**2 + k + 6. Let x(t) = 2*t**3 + 6*t**2 - t - 7. Let c(p) = 3*r(p) + 2*x(p). Suppose b - 6 + 3 = 0. Calculate c(b).
7
Suppose 0*s + 4*s = 0. Let n(g) = -g**2 - g + 9. Give n(s).
9
Let r(t) be the first derivative of -5 - 3/2*t**2 + 3*t. What is r(2)?
-3
Let o(m) be the third derivative of m**7/2520 - m**6/180 - m**5/30 + m**4/24 - 2*m**2. Let h(i) be the second derivative of o(i). Give h(4).
-4
Let w(a) = a**2 + 5*a - 4. Let b be 1/4 + (-21)/4. Give w(b).
-4
Let a(v) = v**2 - 5*v - 5. Let s(b) = -b**3 - 8*b**2 + 4. Let k(o) = o - 4. Let l be k(-4). Let q be s(l). Give a(q).
-9
Let a(f) = f**2 - 4*f + 6. Let s(x) = x**2 - 10*x + 4. Let g be s(10). Calculate a(g).
6
Let p = -8 + 11. Suppose -p*m = 2*m. Suppose x + x - 2 = m. Let q(c) = c**3 - 2*c**2 + 2*c - 1. Give q(x).
0
Let b = 18 - 18. Let n(s) = b + 0 + 5*s - 6*s. What is n(4)?
-4
Let r(n) = n**2 - n**3 + 1 + 2 - 1 - 1. Let b be r(0). Let m(c) = -2 + 0*c**2 + c**2 + 2*c - 2 + b. Give m(-4).
5
Let h(s) = -73*s + 32*s + 36*s + 3. Suppose -r + 4*z + 6 = 0, -2*r - 2*z + 2 = -0. Give h(r).
-7
Let z(h) = 11*h + 1. Let m(a) = 5*a + 1. Let g(y) = 13*m(y) - 6*z(y). Calculate g(4).
3
Let p(c) be the first derivative of -c**3/3 + c**2 + 2*c - 6. What is p(4)?
-6
Let p(v) = v**2 + v - 1. Suppose 1 + 17 = -4*y + 2*k, -4*y - k = 3. Calculate p(y).
1
Let v(z) = 4 + 1 + 7 + z**3 - 11*z - 9*z**2. What is v(10)?
2
Let t(u) = -8 + 1 + 8 + 12*u. What is t(1)?
13
Suppose 0 = -3*l - 15, 2*h + 0*l - l = 35. Suppose n - 4*n = -h. Let y(q) = -q**3 + 4*q**2 + 5*q + 1. Give y(n).
1
Let v = -42 - -45. Let d(m) = m**3 - 2*m**2 - 3*m. Give d(v).
0
Let u = -14 + 17. Suppose 0 = g + u - 0. Let x(i) = i**3 + 4*i**2 + 3*i - 2. Let b(p) = -2*p**3 - 8*p**2 - 6*p + 3. Let z(h) = 3*b(h) + 5*x(h). What is z(g)?
-1
Let d(p) be the second derivative of 1/6*p**3 + 0 - 1/2*p**2 - 6*p. Calculate d(-4).
-5
Let s(v) be the third derivative of 0*v + 0 - 1/2*v**3 - 5*v**2 + 1/24*v**4. Let q be 14/6 + 2/3. Give s(q).
0
Let y(v) = -5 - 4*v - 3*v - 5*v**2 + 4*v**2. Let x be y(-6). Let f(i) = -8*i + 6. Let n(c) = 7*c - 5. Let m(t) = 6*f(t) + 7*n(t). Determine m(x).
2
Let t(h) be the third derivative of 1/24*h**4 + 0 + 0*h**3 + 0*h - 2*h**2. Calculate t(0).
0
Let f(a) = -10*a - 5. Let b(k) = 2*k + 1. Let p(d) = -11*b(d) - 2*f(d). Let v(w) = w + 2. Let m(h) = -3*p(h) - 2*v(h). Give m(4).
15
Let v(b) = 3*b + 14. Suppose 17*t - 24 = 21*t. Give v(t).
-4
Let z(l) = -l**2 + 4*l + 0 + 2*l - 2. Suppose 5*d - 44 + 8 = -4*q, -3*d + 12 = 0. Calculate z(q).
6
Let l(j) = -j**2 - 3*j + 2. Let t be (-18)/(-63) + (-23)/7. Determine l(t).
2
Let y(u) = 2*u**2 - 19*u + 15. Let i(l) = l**2 - 15*l + 13. Let n(w) = -w + 1. Let k(h) = i(h) - 6*n(h). Let b(p) = -7*k(p) + 3*y(p). Give b(5).
1
Suppose 2*i = 2*o + 4*i + 14, 16 = -4*i. Let j(g) = -3*g - 5. Determine j(o).
4
Let a(h) = -h**2 - 6*h - 4. Suppose 4*m + q - 5*q = -16, 0 = m - 5*q + 20. Suppose 0 = -2*y - m*y - 10. What is a(y)?
1
Let h(v) = -5*v + 5. Let c be h(-5). Suppose -m = 4*m + c. Let j(d) be the third derivative of d**5/60 + d**4/4 + d**3/2 + 2*d**2. Calculate j(m).
3
Let v be (3 - 3)*(-1 + 0). Let h(g) be the second derivative of 1/6*g**3 - g - 1/12*g**4 - 1/2*g**2 + 1/20*g**5 + 0. Calculate h(v).
-1
Let m(p) be the third derivative of p**5/60 - p**4/12 - p**3/6 + p**2. Let o(c) = c**3 + 7*c**2 + 5*c - 7. Let j be o(-6). What is m(j)?
2
Let f(y) = -y**2 + 7*y - 4. Let k be f(6). Let a(b) = 1 + b - 2*b**2 + 3*b**2 - 2*b**k. Suppose -5*w = -20 + 5. Calculate a(w).
-5
Let j(r) = -r**2 - 5*r + 5. Suppose 0 = 3*b + 3 + 15. Let u = b - -1. Calculate j(u).
5
Let v(u) = u**3 - 4*u**2 + 3*u - 1. Suppose 4*b - 5*d + 5 = 0, 1 - 6 = 2*b - 3*d. Suppose s - 6 = 3*w - 5*w, 0 = -5*w - b*s + 20. Determine v(w).
-3
Let a(y) = 1 + 4 - 3*y - 1 + 0. Determine a(3).
-5
Suppose -10 = -4*k + 2*v, 0 = -4*v + 9*v + 25. Let a(m) = -m - 4. What is a(k)?
-4
Let z(s) be the third derivative of 2*s**6/15 - s**4/12 - s**3/6 + 21*s**2. Determine z(-1).
-15
Let x be -1*(-6 - -2) - 3. Suppose 2*a - 4*a = -4. Let o(t) = 0*t**2 + 0*t**2 - 3*t**a + 1 - t**2 - 2*t. Determine o(x).
-5
Suppose 0 = -5*j - 0*j - 30. Let k(p) = -p**2 - 6*p. Determine k(j).
0
Let n = -5 + 3. Let r(o) = -o**3 + o**2 - 14. Let f be r(0). Let q(k) = -k - 4. Let u(d) = 2*d + 9. Let i(s) = f*q(s) - 6*u(s). Give i(n).
-2
Let w(d) be the first derivative of 2*d**3/3 - 3*d**2/2 + 2. Give w(2).
2
Let q(d) = d**2 - d - 2. Let g(h) = h**2 + 6*h + 6. Let s(u) = -g(u) + 2*q(u). Give s(9).
-1
Let o(q) = 2*q**2 + 3*q. Let y(v) = v**2 + v - 1. Let z(i) = -o(i) + 3*y(i). Calculate z(0).
-3
Let r(q) = 4*q - 5*q + 0*q + 2*q - 8. Calculate r(6).
-2
Let h(y) = -8*y. Suppose -9*i + 11 = 2. What is h(i)?
-8
Let t(i) = i**3 - 3*i**2 - 1. Let h be (8 - 2)*2/3. Let l(w) = -w**2 - 14*w - 6. Let j be l(-13). Suppose -j + h = -g. Give t(g).
-1
Let f(c) be the first derivative of c**4/4 - 5*c**3/3 - 4*c**2 + 7*c + 9. Calculate f(6).
-5
Let m(y) = -6*y - 6. Let k be m(-5). Let v = k - 17. Let g(t) = 0*t**2 - 4*t**2 + 3*t**2 + v*t - 4. Give g(5).
6
Let r(d) = 0*d - 2*d + 2*d + d. Calculate r(4).
4
Let g(v) be the second derivative of -v**4/12 - v**3/6 + 3*v**2/2 + v. Suppose -i = 2*i + 21. Let w = -11 - i. Determine g(w).
-9
Suppose 4*h = 4*p - 36, -5 = -5*p + 3*h + 30. Suppose 0 = -p*k + 3*n - 11, -3*n + 1 = -2*k - 0. Let q(v) = v**3 + 5*v**2 + v + 2. Calculate q(k).
-3
Let o(j) = -j**3 - 4*j**2 + 5 + 2*j**3 - 7*j + 0*j. Suppose -5*z - 3 = 27. Let y(s) = -s**2 - 6*s + 5. Let b be y(z). Determine o(b).
-5
Let y(t) be the second derivative of -1/12*t**4 + 0*t**3 + 0*t**2 - 1/720*t**6 + 0 + 2*t - 1/30*t**5. Let z(v) be the third derivative of y(v). Determine z(-4).
0
Let u(z) = -z**3 + 5*z**2 - 2*z + 11. Let v be u(5). Let g(y) = -5*y. Give g(v).
-5
Let d(s) = -s**3 - 3*s**2 - 3*s - 1. Let c be d(-2). Let y(q) = -4*q**3 - q. Let t be y(c). Let z be (-14)/t - 2/(-10). Let i(g) = -g + 2. Give i(z).
-1
Let i(o) = -o - 3. Let b be i(-3). Let w(q) be the third derivative of b*q - 2/3*q**3 + 0 + q**2 + 1/24*q**4. Calculate w(5).
1
Let l(u) = -5*u**2 + 2*u - 6. Let p(x) = 2*x**2 - x + 3. Let d(h) = 6*h + 1. Let g be d(1). Let b(k) = g*p(k) + 3*l(k). Give b(0).
3
Let l(d) = -d**3 - d**2 - d + 3. Let i(u) = u**2 - 6*u + 6. Let n be i(6). Let k(h) = -h**2 + 5*h + 6. Let y be k(n). Calculate l(y).
3
Let d = 0 - -2. Let a = -3 - -5. Let c(x) = x**d - 2*x**a - 4 + 0*x**2 